9/(-5). What is the remainder when 1/((12/j)/3) is divided by 0 + -4 + -19*(-4 - -3)?
10
Suppose -479 - 363 = -52*t + 822. Calculate the remainder when 907 is divided by t.
11
Let x = 11496 - 11434. Calculate the remainder when 2804 is divided by x.
14
Suppose 216 = 3*b - y, 0*b = -3*b - 2*y + 225. Let m = 42 - b. Let t = 65 + m. Calculate the remainder when t is divided by 6.
4
Let z(g) = 4*g + 21. Let m be z(13). Let w = -68 + m. Let f(o) = 19*o - 16. Calculate the remainder when f(w) is divided by 21.
16
Calculate the remainder when (358*(-2)/6)/(-16*27/1296) is divided by 23.
13
Suppose 1449 = -16*v + 25*v. What is the remainder when v is divided by 132?
29
What is the remainder when 20*(1053/54 - (5 - 3)) is divided by 17?
10
Let t = -1803 + 2177. Calculate the remainder when t is divided by 186.
2
Let s(d) = 4*d**2 - 45*d + 5. Let y be s(11). Let h(k) = 15 - 1 - k**3 - 4*k - 7*k**2 + 0*k**3 - 2*k. What is the remainder when 37 is divided by h(y)?
9
Let n(o) = 2*o**3 - 9*o**2 + 6*o - 5. Let x be (3/1)/(3/12). Let d be ((-4)/(-2))/(2 - x/8). What is the remainder when 6 is divided by n(d)?
0
What is the remainder when 336 is divided by 121383/369 + 36/738?
7
Let u(r) = 28*r**2 - 14*r - 53. Let o(w) = -13*w**2 + 7*w + 27. Let h(s) = 13*o(s) + 6*u(s). What is the remainder when 56 is divided by h(9)?
11
Let k(v) = v**3 - 6*v**2 + 8*v - 12. Let y be k(5). Let p = 3 + y. What is the remainder when (p/4)/((-1)/(-2)) - -20 is divided by 9?
5
Let p be 27 + -21 + -2*2 + -6. What is the remainder when 70 is divided by (-196)/(-12) - p/(-12)?
6
Suppose -10*x + 10 = -5*x. Suppose i - 66 = -3*v, 3*v + 1 = -x. What is the remainder when i is divided by 13?
4
Suppose 111*r = 110*r + 575. What is the remainder when r is divided by 145?
140
Calculate the remainder when (-8)/(-2) + -2 + 406 is divided by 2/(-3)*((-656)/128)/((-2)/(-24)).
39
Suppose -5*x - 298 = -2*k, 428 = 3*k + 39*x - 37*x. Calculate the remainder when 444 is divided by k.
12
Calculate the remainder when 51 is divided by 1216/133*((-189)/6)/(-9).
19
Let c(d) = -d**3 + 68*d**2 + 878*d + 122. What is the remainder when c(79) is divided by 60?
53
Let y = 127 + -67. Let z = 49 + 50. Suppose 3*c = -3*v + z, -2*c - v = c - 95. What is the remainder when y is divided by c?
29
Let d = -22 - -37. Let s be 0 + -5 + -2 + 3. What is the remainder when d is divided by (-11 + -1)/(-4 - 10/s)?
7
Suppose 2*h - 2*m - 52 = 22, -h + 43 = m. Let p(i) = -15*i**3 - 2*i**2 + i. Calculate the remainder when p(-2) is divided by h.
30
Let h = 2023 + -2011. What is the remainder when h is divided by 5?
2
Let v be (73 - 38)*1/7. Suppose v*j - 191 = -2*f + 78, -2*j + 2*f = -102. What is the remainder when 94 is divided by j?
41
Let x(d) be the second derivative of -d**5/10 + 3*d**4/4 + d**3/6 + 9*d**2/2 + 38*d. Calculate the remainder when 230 is divided by x(4).
27
Suppose 0 = -274*c - 402 + 75204. Calculate the remainder when c is divided by 262.
11
Let v = 23 - 21. Let t be 1165/20 - v/8. Calculate the remainder when ((-9)/(-3) - t)/(-1) is divided by 15.
10
Suppose -7*h = -2*h + 2*d - 683, 3*h - 2*d = 429. Calculate the remainder when h is divided by (-5 - -51) + 1 + 0.
45
Suppose 4*r = -0*r + 1064. Let i be (-30)/225 - r/30. Calculate the remainder when 60 is divided by (-1 + -92)*3/i.
29
Let y be (-3760)/6 + 2/3. Let f(i) = -2*i**3 - 231*i**2 - 103*i + 1400. What is the remainder when y/(-8) + 1/(-4) is divided by f(-115)?
18
Let a(v) be the third derivative of -3*v**4/8 + 55*v**3/2 + 2*v**2 - 18. Calculate the remainder when a(0) is divided by 24.
21
Suppose 11 = 4*a - 5*o, 2*a = 3*a + o - 14. Let p = 20 - a. What is the remainder when 32 is divided by p?
10
Suppose 5*i = u - 31, i + 90 = 3*u + 11. Let l be -16 - -1*(-2 + 0). Let y = l + 25. Calculate the remainder when u is divided by y.
5
Let h(j) = -3*j**2 + 10*j. Let t(a) = -13*a**2 + 40*a + 1. Let k(o) = 9*h(o) - 2*t(o). Let x be k(7). Calculate the remainder when 47 is divided by 2*7*x/38.
5
Suppose 3*l - 103 = 4*u, 5*u = 3 + 22. Suppose -154*k - 96 = -162*k. What is the remainder when l is divided by k?
5
Suppose y + 89 = 2*l, -3*l + 61 = -2*l + 5*y. Calculate the remainder when 64 is divided by l.
18
Let b(l) = l**2 + 3*l + 4. Let p(h) be the second derivative of -h**3/2 - 21*h**2/2 - 3*h. What is the remainder when b(3) is divided by p(-9)?
4
Let z(s) = -s**2 + 17*s - 15. Suppose -8*m + 12*m - 84 = 0. Let v be 2/18*3*m. Calculate the remainder when z(v) is divided by 15.
10
Suppose -25 = -3*g - 2*m, 261*m - 22 = -2*g + 265*m. Calculate the remainder when 1148 is divided by g.
5
Suppose -d = 2*p - 47, 0 = -5*p + 35*d - 33*d + 149. What is the remainder when 84 is divided by p?
3
Let v be (-18)/(1 + 3 + 0 + -6). Calculate the remainder when 46 is divided by (-27)/12*(-96)/v.
22
Suppose -5*v + 25 = -5*w, -v + 2*w + 4 = -1. Suppose 317 = v*t + 2*f, t - 27*f - 61 = -28*f. Let c = -29 - -62. Calculate the remainder when t is divided by c.
32
Let f = -6843 + 7132. What is the remainder when f is divided by 74?
67
Suppose -2*a + 5 + 7 = 0. Suppose -3*c + 0*c - 999 = -3*h, -1327 = -4*h + 3*c. Suppose h = 15*i - 77. Calculate the remainder when i is divided by a.
3
Let i be -1 + -2 + -2 + -33. Let d = -93 - i. Let t = d - -56. Calculate the remainder when 5 is divided by t.
0
Suppose 8*i - 7*i = 4. Suppose -9*t - 132 = -3*r - 14*t, 0 = 4*r + t - 176. What is the remainder when r is divided by i?
0
Calculate the remainder when 5913 is divided by ((-8)/(-2))/((-64)/(-816)).
48
Calculate the remainder when 1355 is divided by (-255 + 186)*2/(-6).
21
Suppose i = 2*z - 59, z + 3*i - 4*i = 29. Suppose -z = -13*b + 10*b. Let g = 294 - 267. Calculate the remainder when g is divided by b.
7
Let k = -45 + 50. Suppose -2*w + 19 = -3*g + 4*g, -k*w + 80 = -4*g. What is the remainder when 87 is divided by (-9)/4*(-96)/w?
15
Let r = -9 - -14. Let a be ((-172)/(-20) - r)*-30. Let d = -83 - a. What is the remainder when 124 is divided by d?
24
What is the remainder when ((-56)/6)/(56/(-6930)) is divided by 80?
35
Let b(v) = v**2 + 16*v + 42. Let z = -11 - -64. Let u = z - 70. What is the remainder when b(u) is divided by 12?
11
Let u be 43 + -1 + (0 - 0). What is the remainder when 52/65*(2 + 302/4) is divided by 7/u + 250/12?
20
Let v(h) = -369*h - 5448. Calculate the remainder when v(-16) is divided by 19.
0
Suppose 2*d = 173 + 203. Suppose -2*o + 7*r = 8*r - d, 3*r + 459 = 5*o. Calculate the remainder when o is divided by 6.
3
Let y = 812 - 771. What is the remainder when 24188 is divided by y?
39
Suppose -85*y = -87*y + 6. Let s(g) = -4*g + 21. Let t(i) = 8*i - 3. What is the remainder when t(7) is divided by s(y)?
8
Suppose 21382 = 6*p + 4*q, 51 - 31 = -4*q. Calculate the remainder when p is divided by 30.
27
Let l be (-138)/(-5) - 26/(-65). Let t = 32 - l. What is the remainder when (2 - 4)*(-34)/4 is divided by t?
1
Suppose 0 = z + 4*z - 210. Let b(k) = 8*k**2 + 660*k + 1987. Calculate the remainder when b(-3) is divided by z.
37
Suppose -1521 + 261 = -84*i. Calculate the remainder when 973 is divided by i.
13
Let y(h) = -h - 7. Let u be y(-11). Let c = 12 - u. Let r(v) = 21*v + 160. Calculate the remainder when r(-7) is divided by c.
5
Let i(p) = p**2 - 2*p + 7. Let b be i(4). Suppose -b*g = -18*g + 78. What is the remainder when g is divided by (-2)/(-2) + -1 - -4?
2
Let w be (-1)/6 + 89/(-6). Let z = w + 13. Calculate the remainder when ((z/(-2))/1)/(1/19) is divided by 11.
8
Suppose -3*k - 3*z + 1494 = 0, 0 = -5*z + 1 + 19. Calculate the remainder when 76/k + 934/13 is divided by 15.
12
Suppose -1 = -0*w - w, w = 2*z - 43. Suppose -430*i + 248 = -428*i - 3*t, 3*i = 5*t + 369. Calculate the remainder when i is divided by z.
1
Suppose -1931 = 106*c - 89*c - 30593. What is the remainder when c is divided by 88?
14
What is the remainder when 626 is divided by (-8)/(-7) + (-12304)/(-112) + 16?
118
Let r = 2707 - 2696. What is the remainder when 219 is divided by r?
10
Let f = -174 + 170. Calculate the remainder when 45 is divided by (12/3 + f)/2 - -28.
17
Suppose -4*b + 188 = 4*x - 0*b, -4*x - 2*b + 182 = 0. Let z(c) = -2*c + 12*c - 52 + 0 + 6*c. What is the remainder when x is divided by z(4)?
8
Let t = -20437 - -20467. Calculate the remainder when 938 is divided by 